 r?
4
Suppose -j + 6*j - 2*x = 9827, 12 = 3*x. Let p = j + -711. What is the thousands digit of p?
1
Suppose -56*m + 440136 = 16*m. What is the thousands digit of m?
6
Let d = 14604 - 11089. What is the hundreds digit of d?
5
Suppose -5*z - 63 = 4*z. Let c be z/((-14)/(-6)) - -150. Suppose d - 128 - 34 = -2*s, 0 = -d + 3*s + c. What is the units digit of d?
6
Let w(u) = 7*u - 22. Let t(i) = -i. Let y(d) = 6*t(d) + w(d). Let q be y(24). Suppose -2*g + z + 276 = 0, -5*g - q*z - z + 712 = 0. What is the tens digit of g?
4
Let j(b) = 20*b + 140. Suppose 0 = 2*f - 4, 59 + 5 = 3*r + 2*f. What is the units digit of j(r)?
0
Let l(d) = 3*d + 35. Let o be l(-14). Let q(s) = s**3 + 4*s**2 + 17*s - 2. Let g be q(o). Let r = g + 454. What is the hundreds digit of r?
1
Suppose i - 20864 = -4*w, 0*i = -4*i - 16. What is the units digit of w?
7
Suppose 1961 = 2*q - 1267. Let n = q - 860. What is the hundreds digit of n?
7
Suppose 4*y = -5*q + 24301, 0 = 2*q - 6*q + 5*y + 19408. What is the thousands digit of q?
4
Suppose 5*v = -3*c - 649, -3*c + 4*v = 440 + 218. Let a = 463 + c. What is the units digit of a?
5
Suppose 0 = o + 81*o - 535214. What is the units digit of o?
7
Let j(t) = t**3 - 17*t**2 + 4*t. Let w(k) = k**2 + k + 1. Let r(l) = -j(l) - 5*w(l). Let a = 284 - 275. What is the units digit of r(a)?
7
Let z = -49 - -50. Let n be 2/((-12)/(-465)) - z/(-2). Let h = n + -15. What is the tens digit of h?
6
Let u(t) = -4420*t**3 + 11*t**2 + 16*t + 2. What is the hundreds digit of u(-1)?
4
Suppose 5*b = -78*m + 75*m + 26158, 0 = m - 6. What is the units digit of b?
8
Suppose -9*c + 27 = -0*c. Suppose c*a + 0*a = 138. Suppose i - a = 15. What is the tens digit of i?
6
Suppose -3*x + 16*w = 12*w - 20786, 0 = -3*x + 3*w + 20781. What is the units digit of x?
2
Let b be (-5)/((-18)/4 + 4). Suppose -4345 + 1095 = -b*c. What is the units digit of c?
5
Suppose 12*k + 3*l - 391188 = 0, -2*l = -3*l + 4. What is the ten thousands digit of k?
3
Let p = -1369 - -2724. Suppose 0 = -u + 5, k - 6*k + 2*u + p = 0. What is the units digit of k?
3
Let m be -3 + 3 + (2 - (0 + 32)). What is the tens digit of (m + 217)*(8/1 + -2)?
2
Let f(c) = 4*c**3 + 29*c**2 + 57*c + 2. Let u(h) = 3*h**3 + 29*h**2 + 57*h + 1. Let k(y) = 2*f(y) - 3*u(y). What is the hundreds digit of k(-28)?
8
Suppose o = -5*o - 1218. Let n = o - -395. What is the units digit of n?
2
Let k be 5802 + (4/(-1) - -7). Suppose 4*v - 19*v + k = 0. What is the tens digit of v?
8
Suppose 0 = m + 3*z - 3685, 53*m + 4*z + 18425 = 58*m. What is the tens digit of m?
8
Let r(b) = b**3 - 8*b**2 + 9*b - 7. Let y be r(7). Suppose y*w - 904 = -w. Suppose -4*z - 4*c + 0*c = -108, 0 = 4*z - c - w. What is the units digit of z?
8
Let g(v) be the third derivative of 5/2*v**3 + 5*v**2 + 1/10*v**5 + 11/24*v**4 + 0 + 0*v. What is the hundreds digit of g(-6)?
1
Suppose 4*d = 8, -5*o - 3*d + 5 = 2*d. Let f = o - -539. What is the units digit of f?
8
Suppose -4*g = k - 16, -5*k + 30 = -4*k - 3*g. What is the units digit of (800/k)/(3/72)?
0
Suppose -191400 = -80*z + 161*z - 101*z. What is the thousands digit of z?
9
Let t(v) = 19*v**2 + 2660*v + 236. What is the units digit of t(-144)?
0
Suppose -4*k - 507 = -17*k. Suppose k*m = 36*m. Suppose m = -a + 37 + 155. What is the units digit of a?
2
Let y = -220 + 223. Suppose 2*w - 214 = -3*z, -4 = 4*z - y*z. What is the units digit of w?
3
Let f(l) = 37*l**3 - 30*l**2 + 69*l + 2. What is the tens digit of f(4)?
6
Suppose 0 = 12*b - 77046 + 28806. What is the tens digit of b?
2
Suppose 2*u - 11772 = 2*g, 0 = -3*g - 5 + 2. What is the units digit of u?
5
Let c = 1195 - 429. Let j = 1341 - c. What is the units digit of j?
5
Suppose 0 = -3*w + h - 13, 2*w + 3*h = 8 - 2. What is the tens digit of 10/15 + (-286)/w?
9
Let n(a) be the first derivative of -17*a**2 - 13*a**2 + 5*a**2 + 46 - 47 - 7*a. What is the units digit of n(-4)?
3
Suppose -c - l + 13 = 0, -3*c + 3*l + 63 = -0*c. Let w(y) = 62*y**2 + y. Let j be w(1). Suppose -a + c = -j. What is the units digit of a?
0
Suppose -r - 1 = 2*w + 14, -r + 10 = -3*w. Let c(x) = -2*x**3 + 10*x**2 + 4*x + 6. What is the hundreds digit of c(r)?
4
Suppose -k - 3*z = -33180, -85646 = -5*k + 4*z + 80140. What is the hundreds digit of k?
1
Let r(h) = 20*h**2 + 4*h + 24. Let d be r(8). Suppose -d = -4*k + 3*n, -2*k + 3*n + 658 = -n. What is the tens digit of k?
3
What is the thousands digit of (745450/51)/((-2)/(-3))?
1
Suppose 0 = -2*m + 5*g - 19, -3*m - 2*g = -1 - 18. Let f(x) = 15*x - 9. Let b be f(m). Suppose -b = -3*a + 18. What is the units digit of a?
8
Let o(h) = -199*h - 816. What is the hundreds digit of o(-42)?
5
Let z(n) = n**3 + 4 + 16*n**2 + 13*n**2 - 30*n**2 + 16*n**2 + 10*n. Let r be z(-12). What is the units digit of r*((-9)/3 + (-49)/(-14))?
8
Let a be 264/10*(-85)/(-34). Let w = a - 67. What is the units digit of w/2 + 5/10*9?
4
What is the units digit of (16/(-10))/(20/50*(-1)/802)?
8
Let c(a) = 10*a + 31. Let n be c(14). Suppose 49 = -2*t - n. Let b = 154 + t. What is the tens digit of b?
4
Suppose u + 2*u = n + 10, 3*u - 4*n - 13 = 0. What is the units digit of ((-6)/5)/(u/(-60))?
4
Let k(a) = 250*a + 100 - 50 - 51. What is the hundreds digit of k(1)?
2
Suppose 76 = 5*i + 516. Let n = i - -68. What is the units digit of 114/(-4)*n/6?
5
Let l(r) = -8081*r - 1337. What is the tens digit of l(-2)?
2
Let j be (-171)/(-3)*(10/5 - -6). Let o = j + -163. What is the tens digit of o?
9
Let x(t) = 12*t**2 - 359*t + 18085. What is the thousands digit of x(65)?
5
Let g = -86 + 82. Let q be (-49)/2*g*(3 + -2). What is the units digit of (q/(-21) - -4)*(-1086)/4?
1
Let f = 606 + -417. What is the units digit of ((-7)/(f/18))/(4/(-150))?
5
Let u(x) = -662*x**3 - 5*x**2 + 3*x + 6. What is the tens digit of u(-3)?
2
Suppose -y + 1231 = -k, -5*y - 3*k + 6*k = -6157. Suppose 20*v - y = 9*v. What is the units digit of v?
2
Let n(g) = -15 - 2*g + 10*g + g**2 - 12*g. Let k be n(6). What is the units digit of (0/(-2) - k) + -3 + 6?
6
Suppose 72*l - 68*l - 39444 = -4*g, 3*g + 4*l - 29585 = 0. What is the units digit of g?
9
Suppose 3*n - 5*i = -7, -n + 4*i = 15 - 1. Suppose m - n = -3, -m - 531 = -2*r. What is the units digit of r?
7
Let g = 66040 - 43797. What is the units digit of g?
3
Suppose 4*k = -8*n + 382872, 5*n - 3*k - 239300 = -8*k. What is the tens digit of n?
5
Suppose -4*c - 14 = 5*l - 60, -3*l + 3*c + 33 = 0. Let x(t) = -10 + 14 + 2*t**2 - 4*t + l. What is the units digit of x(6)?
2
Let x(u) = 12*u - 72. Let j be x(9). What is the units digit of (-633)/(-6) - j/24?
4
Let d = 1421 - 490. Suppose 7519 = 13*v - d. What is the hundreds digit of v?
6
Let f(d) = -311*d + 194. Let g(y) = 207*y - 129. Let o(h) = 5*f(h) + 7*g(h). What is the tens digit of o(-7)?
0
Let d(q) = 27985*q - 493. What is the hundreds digit of d(1)?
4
Let n = 23086 - 16370. What is the units digit of n?
6
Suppose 11 - 27 = -4*k. Suppose 4*a - 853 = -h, 3*a - k*h = 535 + 119. Suppose 313 = 3*m - 2*j, 8*m + 4*j - a = 6*m. What is the hundreds digit of m?
1
Let q be (-1)/(-2)*(3 + -2)*-382. Let i = 749 + -415. Let o = i + q. What is the units digit of o?
3
Let j = 166 - 519. Let n = -223 - j. Suppose 2*l - n = -16. What is the tens digit of l?
5
Let w(u) = -13*u + 182*u**2 - 10 + 2*u - 12 - 2 - 11*u**2. What is the thousands digit of w(-3)?
1
Suppose -5*m + 117*r + 433160 = 112*r, r - 86634 = -m. What is the tens digit of m?
3
Suppose 5*v = m - 9, -2*v + 0 - 2 = 0. Suppose 0 = -0*z - m*z + 1888. What is the units digit of z?
2
Let w = -899 + 904. Suppose x + w*s - 73 = 57, 0 = 5*s + 15. What is the units digit of x?
5
Suppose 3*z = x - 8 + 7, 4*z + 5 = 5*x. Suppose 4*q - 4*k - 1293 - 495 = z, 4*q - 1784 = 5*k. What is the units digit of q?
1
Suppose 0 = 56*l - 5*l - 184467. What is the thousands digit of l?
3
Let u be (2 - 1020)/((-288)/(-99) + -3). Suppose 16609 = 39*v - u. What is the tens digit of v?
1
Let u be (10 - 114/15) + (-6)/15. Suppose u*t = k + 2239, 3*t + 448 - 3794 = 4*k. What is the hundreds digit of t?
1
Let p(i) = -1317*i - 2102. What is the tens digit of p(-11)?
8
Suppose 3*w = a - 15 + 7, 4*a - 6 = -w. Let s(x) be the third derivative of x**6/12 + x**5/60 + x**4/24 + x**3/6 - 23*x**2. What is the units digit of s(a)?
7
Let q be 0/(8/2) + 0 + 4. Suppose 0 = 5*f 